{"id":101,"date":"2011-09-30T20:00:19","date_gmt":"2011-09-30T18:00:19","guid":{"rendered":"http:\/\/ataksja.home.pl\/autoinstalator\/wordpress\/?page_id=101"},"modified":"2016-12-13T11:23:59","modified_gmt":"2016-12-13T10:23:59","slug":"fotogaleria","status":"publish","type":"page","link":"http:\/\/ataksja.org.pl\/?page_id=101","title":{"rendered":"Fotogaleria"},"content":{"rendered":"<p><strong>Walne Spotkanie Stowarzyszenia<\/strong><\/p>\n<p>W dniu 24 wrze\u015bnia 2011 roku w Warszawie odby\u0142o si\u0119 Walne Zgromadzenie Cz\u0142onk\u00f3w naszego Stowarzyszenia.<\/p>\n<p>&nbsp;<\/p>\n<p><a href=\"http:\/\/ataksja.home.pl\/autoinstalator\/wordpress\/walne_2011\/index.html\"><img loading=\"lazy\" decoding=\"async\" class=\"size-full wp-image-220 aligncenter\" title=\"Spotknie_2011 063\" src=\"http:\/\/ataksja.home.pl\/autoinstalator\/wordpress\/wp-content\/uploads\/2011\/09\/Spotknie_2011-0631.jpg\" alt=\"\" width=\"300\" height=\"225\" \/><\/a><\/p>\n<p style=\"text-align: center;\"><a href=\"http:\/\/ataksja.home.pl\/autoinstalator\/wordpress\/walne_2011\/index.html\"><strong>Zapraszamy do obejrzenia fotorelacji &#8211; wejd\u017a<\/strong><\/a><\/p>\n<p style=\"text-align: center;\">&#8230;&#8230;&#8230;&#8230;&#8230;&#8230;&#8230;&#8230;&#8230;&#8230;&#8230;&#8230;&#8230;&#8230;&#8230;&#8230;&#8230;&#8230;&#8230;&#8230;&#8230;&#8230;&#8230;&#8230;&#8230;&#8230;&#8230;&#8230;&#8230;&#8230;..<\/p>\n<p style=\"text-align: center;\">.<\/p>\n<p style=\"text-align: center;\">.<\/p>\n<h3 style=\"text-align: center;\"><span style=\"color: #ff0000;\"><a style=\"color: #ff0000;\" href=\"http:\/\/www.ataksja.org.pl\/?s=Relacja\"><strong>&gt; Fotorelacje &#8211; <span style=\"color: #000000;\">1 <span style=\"color: #ff0000;\">&lt;<\/span><\/span><\/strong><\/a><\/span><\/h3>\n<h3><span style=\"color: #ff0000;\">.<\/span><\/h3>\n<h3 style=\"text-align: center;\"><span style=\"color: #ff0000;\"><a style=\"color: #ff0000;\" href=\"http:\/\/www.ataksja.org.pl\/?s=Relacja&amp;paged=2\">&gt; Fotorelacje &#8211; <span style=\"color: #000000;\">2 <span style=\"color: #ff0000;\">&lt;<\/span><\/span><\/a><\/span><\/h3>\n<p>&nbsp;<\/p>\n","protected":false},"excerpt":{"rendered":"<p>Walne Spotkanie Stowarzyszenia W dniu 24 wrze\u015bnia 2011 roku w Warszawie odby\u0142o si\u0119 Walne Zgromadzenie Cz\u0142onk\u00f3w naszego Stowarzyszenia. &nbsp; Zapraszamy do obejrzenia fotorelacji &#8211; wejd\u017a &#8230;&#8230;&#8230;&#8230;&#8230;&#8230;&#8230;&#8230;&#8230;&#8230;&#8230;&#8230;&#8230;&#8230;&#8230;&#8230;&#8230;&#8230;&#8230;&#8230;&#8230;&#8230;&#8230;&#8230;&#8230;&#8230;&#8230;&#8230;&#8230;&#8230;.. . . &gt; Fotorelacje &#8211; 1 &lt; . &gt; Fotorelacje &#8211; 2 &lt; &nbsp;<\/p>\n","protected":false},"author":6,"featured_media":0,"parent":0,"menu_order":0,"comment_status":"open","ping_status":"open","template":"","meta":{"footnotes":""},"class_list":["post-101","page","type-page","status-publish","hentry"],"_links":{"self":[{"href":"http:\/\/ataksja.org.pl\/index.php?rest_route=\/wp\/v2\/pages\/101","targetHints":{"allow":["GET"]}}],"collection":[{"href":"http:\/\/ataksja.org.pl\/index.php?rest_route=\/wp\/v2\/pages"}],"about":[{"href":"http:\/\/ataksja.org.pl\/index.php?rest_route=\/wp\/v2\/types\/page"}],"author":[{"embeddable":true,"href":"http:\/\/ataksja.org.pl\/index.php?rest_route=\/wp\/v2\/users\/6"}],"replies":[{"embeddable":true,"href":"http:\/\/ataksja.org.pl\/index.php?rest_route=%2Fwp%2Fv2%2Fcomments&post=101"}],"version-history":[{"count":18,"href":"http:\/\/ataksja.org.pl\/index.php?rest_route=\/wp\/v2\/pages\/101\/revisions"}],"predecessor-version":[{"id":2048,"href":"http:\/\/ataksja.org.pl\/index.php?rest_route=\/wp\/v2\/pages\/101\/revisions\/2048"}],"wp:attachment":[{"href":"http:\/\/ataksja.org.pl\/index.php?rest_route=%2Fwp%2Fv2%2Fmedia&parent=101"}],"curies":[{"name":"wp","href":"https:\/\/api.w.org\/{rel}","templated":true}]}}

<p><strong>Walne Spotkanie Stowarzyszenia</strong></p>
<p>W dniu 24 września 2011 roku w Warszawie odbyło się Walne Zgromadzenie Członków naszego Stowarzyszenia.</p>
<p>&nbsp;</p>
<p><a href="http://ataksja.home.pl/autoinstalator/wordpress/walne_2011/index.html"><img loading="lazy" decoding="async" class="size-full wp-image-220 aligncenter" title="Spotknie_2011 063" src="http://ataksja.home.pl/autoinstalator/wordpress/wp-content/uploads/2011/09/Spotknie_2011-0631.jpg" alt="" width="300" height="225" /></a></p>
<p style="text-align: center;"><a href="http://ataksja.home.pl/autoinstalator/wordpress/walne_2011/index.html"><strong>Zapraszamy do obejrzenia fotorelacji &#8211; wejdź</strong></a></p>
<p style="text-align: center;">&#8230;&#8230;&#8230;&#8230;&#8230;&#8230;&#8230;&#8230;&#8230;&#8230;&#8230;&#8230;&#8230;&#8230;&#8230;&#8230;&#8230;&#8230;&#8230;&#8230;&#8230;&#8230;&#8230;&#8230;&#8230;&#8230;&#8230;&#8230;&#8230;&#8230;..</p>
<p style="text-align: center;">.</p>
<p style="text-align: center;">.</p>
<h3 style="text-align: center;"><span style="color: #ff0000;"><a style="color: #ff0000;" href="http://www.ataksja.org.pl/?s=Relacja"><strong>&gt; Fotorelacje &#8211; <span style="color: #000000;">1 <span style="color: #ff0000;">&lt;</span></span></strong></a></span></h3>
<h3><span style="color: #ff0000;">.</span></h3>
<h3 style="text-align: center;"><span style="color: #ff0000;"><a style="color: #ff0000;" href="http://www.ataksja.org.pl/?s=Relacja&amp;paged=2">&gt; Fotorelacje &#8211; <span style="color: #000000;">2 <span style="color: #ff0000;">&lt;</span></span></a></span></h3>
<p>&nbsp;</p>

<p>Walne Spotkanie Stowarzyszenia W dniu 24 września 2011 roku w Warszawie odbyło się Walne Zgromadzenie Członków naszego Stowarzyszenia. &nbsp; Zapraszamy do obejrzenia fotorelacji &#8211; wejdź &#8230;&#8230;&#8230;&#8230;&#8230;&#8230;&#8230;&#8230;&#8230;&#8230;&#8230;&#8230;&#8230;&#8230;&#8230;&#8230;&#8230;&#8230;&#8230;&#8230;&#8230;&#8230;&#8230;&#8230;&#8230;&#8230;&#8230;&#8230;&#8230;&#8230;.. . . &gt; Fotorelacje &#8211; 1 &lt; . &gt; Fotorelacje &#8211; 2 &lt; &nbsp;</p>
